{"id":16,"date":"2020-02-28T15:36:08","date_gmt":"2020-02-28T15:36:08","guid":{"rendered":"http:\/\/www.garss.com.br\/?page_id=16"},"modified":"2022-09-04T23:10:09","modified_gmt":"2022-09-04T23:10:09","slug":"servicos","status":"publish","type":"page","link":"https:\/\/garss.com.br\/?page_id=16","title":{"rendered":"Servi\u00e7os"},"content":{"rendered":"\n<p><strong><span class=\"has-inline-color has-vivid-red-color\">MANUTEN\u00c7\u00c3O CORRETIVA EM EQUIPAMENTOS MAHLO:<\/span><\/strong><\/p>\n\n\n\n<ol class=\"wp-block-list\"><li><mark style=\"background-color:rgba(0, 0, 0, 0)\" class=\"has-inline-color has-very-dark-gray-color\"><strong>Endireitadores de Trama<\/strong><\/mark><\/li><li><mark style=\"background-color:rgba(0, 0, 0, 0)\" class=\"has-inline-color has-very-dark-gray-color\"><strong>Medidores de Umidade Residual (On-Line e Port\u00e1teis)<\/strong><\/mark><\/li><li><mark style=\"background-color:rgba(0, 0, 0, 0)\" class=\"has-inline-color has-very-dark-gray-color\"><strong>Medidores de Gramatura<\/strong><\/mark><\/li><li><mark style=\"background-color:rgba(0, 0, 0, 0)\" class=\"has-inline-color has-very-dark-gray-color\"><strong>Medidores de Densidade<\/strong><\/mark><\/li><li><mark style=\"background-color:rgba(0, 0, 0, 0)\" class=\"has-inline-color has-very-dark-gray-color\"><strong>Medidores de Temperatura do tecido (Termofixa\u00e7\u00e3o e ou Secagem)<\/strong><\/mark><\/li><li><mark style=\"background-color:rgba(0, 0, 0, 0)\" class=\"has-inline-color has-very-dark-gray-color\"><strong>Medidores de Largura e Encolhimento<\/strong><\/mark><\/li><li><mark style=\"background-color:rgba(0, 0, 0, 0)\" class=\"has-inline-color has-very-dark-gray-color\"><strong>Centralizadores<\/strong><\/mark><\/li><li><mark style=\"background-color:rgba(0, 0, 0, 0)\" class=\"has-inline-color has-very-dark-gray-color\"><strong>Medidores em Processos On-line (Scanners)<\/strong><\/mark><\/li><li><mark style=\"background-color:rgba(0, 0, 0, 0)\" class=\"has-inline-color has-very-dark-gray-color\"><strong>Color\u00edmetros<\/strong><\/mark><\/li><\/ol>\n\n\n\n<p><strong><span class=\"has-inline-color has-vivid-red-color\">MANUTEN\u00c7\u00c3O PREVENTIVA EM EQUIPAMENTOS MAHLO:<\/span><\/strong><\/p>\n\n\n\n<ol class=\"wp-block-list\"><li><mark style=\"background-color:rgba(0, 0, 0, 0)\" class=\"has-inline-color has-very-dark-gray-color\"><strong>Endireitadores de Trama<\/strong><\/mark><\/li><li><mark style=\"background-color:rgba(0, 0, 0, 0)\" class=\"has-inline-color has-very-dark-gray-color\"><strong>Medidores de Umidade Residual (On-Line e Port\u00e1teis)<\/strong><\/mark><\/li><li><mark style=\"background-color:rgba(0, 0, 0, 0)\" class=\"has-inline-color has-very-dark-gray-color\"><strong>Medidores de Gramatura<\/strong><\/mark><\/li><li><mark style=\"background-color:rgba(0, 0, 0, 0)\" class=\"has-inline-color has-very-dark-gray-color\"><strong>Medidores de Densidade<\/strong><\/mark><\/li><li><mark style=\"background-color:rgba(0, 0, 0, 0)\" class=\"has-inline-color has-very-dark-gray-color\"><strong>Medidores de Temperatura do tecido (Termofixa\u00e7\u00e3o e ou Secagem)<\/strong><\/mark><\/li><li><mark style=\"background-color:rgba(0, 0, 0, 0)\" class=\"has-inline-color has-very-dark-gray-color\"><strong>Medidores de Largura e Encolhimento<\/strong><\/mark><\/li><li><mark style=\"background-color:rgba(0, 0, 0, 0)\" class=\"has-inline-color has-very-dark-gray-color\"><strong>Centralizadores<\/strong><\/mark><\/li><li><mark style=\"background-color:rgba(0, 0, 0, 0)\" class=\"has-inline-color has-very-dark-gray-color\"><strong>Medidores em Processos On-line (Scanners)<\/strong><\/mark><\/li><li><mark style=\"background-color:rgba(0, 0, 0, 0)\" class=\"has-inline-color has-very-dark-gray-color\"><strong>Color\u00edmetros<\/strong><\/mark><\/li><\/ol>\n\n\n\n<p><strong><span class=\"has-inline-color has-vivid-red-color\">VENDA DE PE\u00c7AS:<\/span><\/strong><\/p>\n\n\n\n<ul class=\"wp-block-list\"><li><strong><mark style=\"background-color:rgba(0, 0, 0, 0)\" class=\"has-inline-color has-very-dark-gray-color\">Pe\u00e7as para equipamentos MAHLO<\/mark><\/strong><\/li><li><strong><mark style=\"background-color:rgba(0, 0, 0, 0)\" class=\"has-inline-color has-black-color\">Pe\u00e7as para equipamentos BRUCKNER<\/mark><\/strong><\/li><li><strong><mark style=\"background-color:rgba(0, 0, 0, 0)\" class=\"has-inline-color has-black-color\">Pe\u00e7as para equipamentos <\/mark>TECHNOPLANTS<\/strong><\/li><li><strong><mark style=\"background-color:rgba(0, 0, 0, 0)\" class=\"has-inline-color has-very-dark-gray-color\">Pe\u00e7as para equipamentos PRESTMAC<\/mark><\/strong><\/li><\/ul>\n\n\n\n<p><strong><span class=\"has-inline-color has-vivid-red-color\">VENDA DE EQUIPAMENTOS:<\/span><\/strong><\/p>\n\n\n\n<ol class=\"wp-block-list\"><li><strong><mark style=\"background-color:rgba(0, 0, 0, 0)\" class=\"has-inline-color has-black-color\">Equipamentos MAHLO em Parceria com a MBR m\u00e1q. T\u00eaxteis.<\/mark><\/strong><\/li><li><strong><mark style=\"background-color:rgba(0, 0, 0, 0)\" class=\"has-inline-color has-black-color\">Equipamentos BRUCKNER em Parceria com a MBR m\u00e1q. T\u00eaxteis.<\/mark><\/strong><\/li><li><strong>Equipamentos<\/strong> <strong>TECHNOPLANTS<\/strong><\/li><li><strong><mark style=\"background-color:rgba(0, 0, 0, 0)\" class=\"has-inline-color has-black-color\">Equipamentos PRESTMAC<\/mark><\/strong><\/li><\/ol>\n\n\n\n<p><strong><span class=\"has-inline-color has-vivid-red-color\">SUPORTE T\u00c9CNICO ATRAV\u00c9S DE:<\/span><\/strong><\/p>\n\n\n\n<ol class=\"wp-block-list\"><li><strong><span class=\"has-inline-color has-very-dark-gray-color\">Acesso Remoto<\/span><\/strong><\/li><li><strong><span class=\"has-inline-color has-very-dark-gray-color\">Contato via Fone<\/span><\/strong><\/li><li><strong><span class=\"has-inline-color has-very-dark-gray-color\">Visita T\u00e9cnica<\/span><\/strong><\/li><\/ol>\n\n\n\n<p><mark style=\"background-color:rgba(0, 0, 0, 0)\" class=\"has-inline-color has-vivid-red-color\"><strong>LABORAT\u00d3RIO T\u00c9CNICO:<\/strong><\/mark><\/p>\n\n\n\n<ol class=\"wp-block-list\"><li><mark style=\"background-color:rgba(0, 0, 0, 0)\" class=\"has-inline-color has-very-dark-gray-color\"><strong>Para An\u00e1lises e Reparo de Placas<\/strong><\/mark><\/li><li><mark style=\"background-color:rgba(0, 0, 0, 0)\" class=\"has-inline-color has-very-dark-gray-color\"><strong>Para An\u00e1lise e Reparo de sensores de Equipamentos Mahlo<\/strong><\/mark><\/li><\/ol>\n\n\n\n<p><strong><span class=\"has-inline-color has-vivid-red-color\">TREINAMENTO T\u00c9CNICO OPERACIONAL:<\/span><\/strong><\/p>\n\n\n\n<ol class=\"wp-block-list\"><li><strong><span class=\"has-inline-color has-very-dark-gray-color\">Presencial<\/span><\/strong><\/li><li><strong><span class=\"has-inline-color has-very-dark-gray-color\">On-Line<\/span><\/strong><\/li><\/ol>\n\n\n\n<p><mark style=\"background-color:rgba(0, 0, 0, 0)\" class=\"has-inline-color has-vivid-red-color\"><strong>LOG\u00cdSTICA<\/strong>:<\/mark><\/p>\n\n\n\n<ol class=\"wp-block-list\"><li><strong><span class=\"has-inline-color has-very-dark-gray-color\">Entrega de materias eletro-eletr\u00f4nicos.<\/span><\/strong><\/li><li><strong><span class=\"has-inline-color has-very-dark-gray-color\">Entrega de pe\u00e7as mec\u00e2nicas e outros de pequeno volume.<\/span><\/strong><\/li><li><strong><span class=\"has-inline-color has-very-dark-gray-color\">Entrega de documentos.<\/span><\/strong><\/li><\/ol>\n\n\n\n<p><\/p>\n","protected":false},"excerpt":{"rendered":"<p>MANUTEN\u00c7\u00c3O CORRETIVA EM EQUIPAMENTOS MAHLO: Endireitadores de Trama Medidores de Umidade Residual (On-Line e Port\u00e1teis) Medidores de Gramatura Medidores de Densidade Medidores de Temperatura do tecido (Termofixa\u00e7\u00e3o e ou Secagem) Medidores de Largura e Encolhimento Centralizadores Medidores em Processos On-line&hellip;&nbsp;<a href=\"https:\/\/garss.com.br\/?page_id=16\" class=\"more-link\"><\/a><\/p>\n","protected":false},"author":1,"featured_media":0,"parent":0,"menu_order":0,"comment_status":"closed","ping_status":"closed","template":"","meta":{"footnotes":""},"class_list":["post-16","page","type-page","status-publish","hentry"],"_links":{"self":[{"href":"https:\/\/garss.com.br\/index.php?rest_route=\/wp\/v2\/pages\/16","targetHints":{"allow":["GET"]}}],"collection":[{"href":"https:\/\/garss.com.br\/index.php?rest_route=\/wp\/v2\/pages"}],"about":[{"href":"https:\/\/garss.com.br\/index.php?rest_route=\/wp\/v2\/types\/page"}],"author":[{"embeddable":true,"href":"https:\/\/garss.com.br\/index.php?rest_route=\/wp\/v2\/users\/1"}],"replies":[{"embeddable":true,"href":"https:\/\/garss.com.br\/index.php?rest_route=%2Fwp%2Fv2%2Fcomments&post=16"}],"version-history":[{"count":20,"href":"https:\/\/garss.com.br\/index.php?rest_route=\/wp\/v2\/pages\/16\/revisions"}],"predecessor-version":[{"id":498,"href":"https:\/\/garss.com.br\/index.php?rest_route=\/wp\/v2\/pages\/16\/revisions\/498"}],"wp:attachment":[{"href":"https:\/\/garss.com.br\/index.php?rest_route=%2Fwp%2Fv2%2Fmedia&parent=16"}],"curies":[{"name":"wp","href":"https:\/\/api.w.org\/{rel}","templated":true}]}}